{"id":23,"date":"2017-01-03T09:08:28","date_gmt":"2017-01-03T09:08:28","guid":{"rendered":"http:\/\/bataille-de-sedan.net\/bswp\/?page_id=23"},"modified":"2017-02-21T16:06:28","modified_gmt":"2017-02-21T16:06:28","slug":"home","status":"publish","type":"page","link":"http:\/\/bataille-de-sedan.net\/index.php\/home\/","title":{"rendered":"slider"},"content":{"rendered":"<p>[vc_row][vc_column css=&#8221;.vc_custom_1483625584012{padding-bottom: 30px !important;background-color: rgba(255,255,255,0.76) !important;background-position: center !important;background-repeat: no-repeat !important;background-size: contain !important;*background-color: rgb(255,255,255) !important;border-radius: 5px !important;}&#8221;]<div class=\"black-text text-center size-mid weight-500\" >Andr\u00e9 B\u00e9guin<\/div><div class=\"black-text text-center size-max weight-500\" >La Bataille de Sedan<\/div><div class=\"black-text text-center size-min weight-500\" >Dans la m\u00e9moire collective fran\u00e7aise, la bataille de Sedan est rest\u00e9e comme l\u2019une des plus dures \u00e9preuves subies par notre patrie : d\u00e9faite militaire totale, arm\u00e9e enti\u00e8rement prisonni\u00e8re, empereur d\u00e9chu. Mais c\u2019est aussi le souvenir d\u2019un combat h\u00e9ro\u00efque qui sera suivi d\u2019un formidable sursaut national.<\/p>\n<p>La Bataille de Sedan d\u2019Andr\u00e9 B\u00e9guin a 535 pages A4 de texte et de cartes de situation montrant les positions et les mouvements des arm\u00e9es fran\u00e7aises et allemandes durant les op\u00e9rations militaires.<\/div>[\/vc_column][\/vc_row]<\/p>\n","protected":false},"excerpt":{"rendered":"<p>[vc_row][vc_column css=&#8221;.vc_custom_1483625584012{padding-bottom: 30px !important;background-color: rgba(255,255,255,0.76) !important;background-position: center !important;background-repeat: no-repeat !important;background-size: contain !important;*background-color: rgb(255,255,255) !important;border-radius: 5px !important;}&#8221;][\/vc_column][\/vc_row]<\/p>\n","protected":false},"author":1,"featured_media":0,"parent":0,"menu_order":1,"comment_status":"closed","ping_status":"closed","template":"splash-page.php","meta":{"footnotes":""},"class_list":["post-23","page","type-page","status-publish","hentry"],"yoast_head":"<!-- This site is optimized with the Yoast SEO plugin v27.5 - https:\/\/yoast.com\/product\/yoast-seo-wordpress\/ -->\n<title>slider - La Bataille de Sedan<\/title>\n<meta name=\"robots\" content=\"index, follow, max-snippet:-1, max-image-preview:large, max-video-preview:-1\" \/>\n<link rel=\"canonical\" href=\"http:\/\/bataille-de-sedan.net\/index.php\/home\/\" \/>\n<meta property=\"og:locale\" content=\"en_GB\" \/>\n<meta property=\"og:type\" content=\"article\" \/>\n<meta property=\"og:title\" content=\"slider - La Bataille de Sedan\" \/>\n<meta property=\"og:description\" content=\"[vc_row][vc_column css=&#8221;.vc_custom_1483625584012{padding-bottom: 30px !important;background-color: rgba(255,255,255,0.76) !important;background-position: center !important;background-repeat: no-repeat !important;background-size: contain !important;*background-color: rgb(255,255,255) !important;border-radius: 5px !important;}&#8221;][\/vc_column][\/vc_row]\" \/>\n<meta property=\"og:url\" content=\"http:\/\/bataille-de-sedan.net\/index.php\/home\/\" \/>\n<meta property=\"og:site_name\" content=\"La Bataille de Sedan\" \/>\n<meta property=\"article:modified_time\" content=\"2017-02-21T16:06:28+00:00\" \/>\n<meta name=\"twitter:card\" content=\"summary_large_image\" \/>\n<meta name=\"twitter:label1\" content=\"Estimated reading time\" \/>\n\t<meta name=\"twitter:data1\" content=\"1 minute\" \/>\n<script type=\"application\/ld+json\" class=\"yoast-schema-graph\">{\"@context\":\"https:\\\/\\\/schema.org\",\"@graph\":[{\"@type\":\"WebPage\",\"@id\":\"http:\\\/\\\/bataille-de-sedan.net\\\/index.php\\\/home\\\/\",\"url\":\"http:\\\/\\\/bataille-de-sedan.net\\\/index.php\\\/home\\\/\",\"name\":\"slider - La Bataille de Sedan\",\"isPartOf\":{\"@id\":\"http:\\\/\\\/bataille-de-sedan.net\\\/#website\"},\"datePublished\":\"2017-01-03T09:08:28+00:00\",\"dateModified\":\"2017-02-21T16:06:28+00:00\",\"breadcrumb\":{\"@id\":\"http:\\\/\\\/bataille-de-sedan.net\\\/index.php\\\/home\\\/#breadcrumb\"},\"inLanguage\":\"en-GB\",\"potentialAction\":[{\"@type\":\"ReadAction\",\"target\":[\"http:\\\/\\\/bataille-de-sedan.net\\\/index.php\\\/home\\\/\"]}]},{\"@type\":\"BreadcrumbList\",\"@id\":\"http:\\\/\\\/bataille-de-sedan.net\\\/index.php\\\/home\\\/#breadcrumb\",\"itemListElement\":[{\"@type\":\"ListItem\",\"position\":1,\"name\":\"Home\",\"item\":\"http:\\\/\\\/bataille-de-sedan.net\\\/\"},{\"@type\":\"ListItem\",\"position\":2,\"name\":\"slider\"}]},{\"@type\":\"WebSite\",\"@id\":\"http:\\\/\\\/bataille-de-sedan.net\\\/#website\",\"url\":\"http:\\\/\\\/bataille-de-sedan.net\\\/\",\"name\":\"La Bataille de Sedan\",\"description\":\"L&#039;ouvrage d&#039;Andr\u00e9 B\u00e9guin\",\"potentialAction\":[{\"@type\":\"SearchAction\",\"target\":{\"@type\":\"EntryPoint\",\"urlTemplate\":\"http:\\\/\\\/bataille-de-sedan.net\\\/?s={search_term_string}\"},\"query-input\":{\"@type\":\"PropertyValueSpecification\",\"valueRequired\":true,\"valueName\":\"search_term_string\"}}],\"inLanguage\":\"en-GB\"}]}<\/script>\n<!-- \/ Yoast SEO plugin. -->","yoast_head_json":{"title":"slider - La Bataille de Sedan","robots":{"index":"index","follow":"follow","max-snippet":"max-snippet:-1","max-image-preview":"max-image-preview:large","max-video-preview":"max-video-preview:-1"},"canonical":"http:\/\/bataille-de-sedan.net\/index.php\/home\/","og_locale":"en_GB","og_type":"article","og_title":"slider - La Bataille de Sedan","og_description":"[vc_row][vc_column css=&#8221;.vc_custom_1483625584012{padding-bottom: 30px !important;background-color: rgba(255,255,255,0.76) !important;background-position: center !important;background-repeat: no-repeat !important;background-size: contain !important;*background-color: rgb(255,255,255) !important;border-radius: 5px !important;}&#8221;][\/vc_column][\/vc_row]","og_url":"http:\/\/bataille-de-sedan.net\/index.php\/home\/","og_site_name":"La Bataille de Sedan","article_modified_time":"2017-02-21T16:06:28+00:00","twitter_card":"summary_large_image","twitter_misc":{"Estimated reading time":"1 minute"},"schema":{"@context":"https:\/\/schema.org","@graph":[{"@type":"WebPage","@id":"http:\/\/bataille-de-sedan.net\/index.php\/home\/","url":"http:\/\/bataille-de-sedan.net\/index.php\/home\/","name":"slider - La Bataille de Sedan","isPartOf":{"@id":"http:\/\/bataille-de-sedan.net\/#website"},"datePublished":"2017-01-03T09:08:28+00:00","dateModified":"2017-02-21T16:06:28+00:00","breadcrumb":{"@id":"http:\/\/bataille-de-sedan.net\/index.php\/home\/#breadcrumb"},"inLanguage":"en-GB","potentialAction":[{"@type":"ReadAction","target":["http:\/\/bataille-de-sedan.net\/index.php\/home\/"]}]},{"@type":"BreadcrumbList","@id":"http:\/\/bataille-de-sedan.net\/index.php\/home\/#breadcrumb","itemListElement":[{"@type":"ListItem","position":1,"name":"Home","item":"http:\/\/bataille-de-sedan.net\/"},{"@type":"ListItem","position":2,"name":"slider"}]},{"@type":"WebSite","@id":"http:\/\/bataille-de-sedan.net\/#website","url":"http:\/\/bataille-de-sedan.net\/","name":"La Bataille de Sedan","description":"L&#039;ouvrage d&#039;Andr\u00e9 B\u00e9guin","potentialAction":[{"@type":"SearchAction","target":{"@type":"EntryPoint","urlTemplate":"http:\/\/bataille-de-sedan.net\/?s={search_term_string}"},"query-input":{"@type":"PropertyValueSpecification","valueRequired":true,"valueName":"search_term_string"}}],"inLanguage":"en-GB"}]}},"_links":{"self":[{"href":"http:\/\/bataille-de-sedan.net\/index.php\/wp-json\/wp\/v2\/pages\/23","targetHints":{"allow":["GET"]}}],"collection":[{"href":"http:\/\/bataille-de-sedan.net\/index.php\/wp-json\/wp\/v2\/pages"}],"about":[{"href":"http:\/\/bataille-de-sedan.net\/index.php\/wp-json\/wp\/v2\/types\/page"}],"author":[{"embeddable":true,"href":"http:\/\/bataille-de-sedan.net\/index.php\/wp-json\/wp\/v2\/users\/1"}],"replies":[{"embeddable":true,"href":"http:\/\/bataille-de-sedan.net\/index.php\/wp-json\/wp\/v2\/comments?post=23"}],"version-history":[{"count":25,"href":"http:\/\/bataille-de-sedan.net\/index.php\/wp-json\/wp\/v2\/pages\/23\/revisions"}],"predecessor-version":[{"id":222,"href":"http:\/\/bataille-de-sedan.net\/index.php\/wp-json\/wp\/v2\/pages\/23\/revisions\/222"}],"wp:attachment":[{"href":"http:\/\/bataille-de-sedan.net\/index.php\/wp-json\/wp\/v2\/media?parent=23"}],"curies":[{"name":"wp","href":"https:\/\/api.w.org\/{rel}","templated":true}]}}

<p>[vc_row][vc_column css=&#8221;.vc_custom_1483625584012{padding-bottom: 30px !important;background-color: rgba(255,255,255,0.76) !important;background-position: center !important;background-repeat: no-repeat !important;background-size: contain !important;*background-color: rgb(255,255,255) !important;border-radius: 5px !important;}&#8221;]<div class="black-text text-center size-mid weight-500" >André Béguin</div><div class="black-text text-center size-max weight-500" >La Bataille de Sedan</div><div class="black-text text-center size-min weight-500" >Dans la mémoire collective française, la bataille de Sedan est restée comme l’une des plus dures épreuves subies par notre patrie : défaite militaire totale, armée entièrement prisonnière, empereur déchu. Mais c’est aussi le souvenir d’un combat héroïque qui sera suivi d’un formidable sursaut national.</p>
<p>La Bataille de Sedan d’André Béguin a 535 pages A4 de texte et de cartes de situation montrant les positions et les mouvements des armées françaises et allemandes durant les opérations militaires.</div>[/vc_column][/vc_row]</p>

<!-- This site is optimized with the Yoast SEO plugin v27.5 - https://yoast.com/product/yoast-seo-wordpress/ -->
<title>slider - La Bataille de Sedan</title>
<meta name="robots" content="index, follow, max-snippet:-1, max-image-preview:large, max-video-preview:-1" />
<link rel="canonical" href="http://bataille-de-sedan.net/index.php/home/" />
<meta property="og:locale" content="en_GB" />
<meta property="og:type" content="article" />
<meta property="og:title" content="slider - La Bataille de Sedan" />
<meta property="og:description" content="[vc_row][vc_column css=&#8221;.vc_custom_1483625584012{padding-bottom: 30px !important;background-color: rgba(255,255,255,0.76) !important;background-position: center !important;background-repeat: no-repeat !important;background-size: contain !important;*background-color: rgb(255,255,255) !important;border-radius: 5px !important;}&#8221;][/vc_column][/vc_row]" />
<meta property="og:url" content="http://bataille-de-sedan.net/index.php/home/" />
<meta property="og:site_name" content="La Bataille de Sedan" />
<meta property="article:modified_time" content="2017-02-21T16:06:28+00:00" />
<meta name="twitter:card" content="summary_large_image" />
<meta name="twitter:label1" content="Estimated reading time" />
	<meta name="twitter:data1" content="1 minute" />
<script type="application/ld+json" class="yoast-schema-graph">{"@context":"https:\/\/schema.org","@graph":[{"@type":"WebPage","@id":"http:\/\/bataille-de-sedan.net\/index.php\/home\/","url":"http:\/\/bataille-de-sedan.net\/index.php\/home\/","name":"slider - La Bataille de Sedan","isPartOf":{"@id":"http:\/\/bataille-de-sedan.net\/#website"},"datePublished":"2017-01-03T09:08:28+00:00","dateModified":"2017-02-21T16:06:28+00:00","breadcrumb":{"@id":"http:\/\/bataille-de-sedan.net\/index.php\/home\/#breadcrumb"},"inLanguage":"en-GB","potentialAction":[{"@type":"ReadAction","target":["http:\/\/bataille-de-sedan.net\/index.php\/home\/"]}]},{"@type":"BreadcrumbList","@id":"http:\/\/bataille-de-sedan.net\/index.php\/home\/#breadcrumb","itemListElement":[{"@type":"ListItem","position":1,"name":"Home","item":"http:\/\/bataille-de-sedan.net\/"},{"@type":"ListItem","position":2,"name":"slider"}]},{"@type":"WebSite","@id":"http:\/\/bataille-de-sedan.net\/#website","url":"http:\/\/bataille-de-sedan.net\/","name":"La Bataille de Sedan","description":"L&#039;ouvrage d&#039;André Béguin","potentialAction":[{"@type":"SearchAction","target":{"@type":"EntryPoint","urlTemplate":"http:\/\/bataille-de-sedan.net\/?s={search_term_string}"},"query-input":{"@type":"PropertyValueSpecification","valueRequired":true,"valueName":"search_term_string"}}],"inLanguage":"en-GB"}]}</script>
<!-- / Yoast SEO plugin. -->

L&#039;ouvrage d&#039;André Béguin
